
Let v = 227 - 218. Let w(m) = 31*m + 16. What is the remainder when w(v) is divided by 37?
36
Let j be 3/(1/30 - 0). Let q = j - 74. What is the remainder when (8/(-5))/((-16)/600) is divided by q?
12
Suppose -2*z + 18 = -10 - 14. What is the remainder when ((-357)/(-4) - -2) + (-3)/(-4) is divided by z?
8
Suppose 0 = -8*r + 5*r + 576. Suppose r = 6*p - 0*p. What is the remainder when 94 is divided by p?
30
Let k(n) = n**2 - 13*n - 12. Let y be k(14). Let a be -38 - -5 - 4/y. What is the remainder when 16 is divided by 42/a*(-15)/3?
4
Suppose 11*a = 5*a - 12. Let g be (4 - -54) + -2 + a/(-1). Suppose g = 2*d - 8. What is the remainder when d is divided by 17?
16
Suppose 0 = -6*h + 11*h. Suppose -r - 548 = -5*c, h = -2*c - 3*r - 2*r + 230. Calculate the remainder when c is divided by 38.
34
Let c = 2828 + -2558. What is the remainder when c is divided by 19?
4
Suppose 2*c + 2 = 0, 2*g + 3*c - 9 = -2*g. Let w(l) = -3*l**3 - 127*l + 4*l**g + 30 - 8 + 11*l**2 + 146*l. Calculate the remainder when 49 is divided by w(-9).
10
Calculate the remainder when -3 + -5*12/30 + 13 is divided by (1 - 2)/(10/(-20)).
0
Suppose 0 = 3283*z - 3280*z - 1218. Suppose 19 = -4*s + 115. What is the remainder when z is divided by s?
22
What is the remainder when (-9464)/(-42) + (5/3 - (-11 + 13)) is divided by 4?
1
Let o(i) = i**3 + 7*i**2 + 16*i + 49. Let n be o(-6). Let r(v) = 39 + 4*v**2 - v**2 - 2*v**2 - 16 + 11*v. Calculate the remainder when 87 is divided by r(n).
18
Let h = -14842 - -14989. Calculate the remainder when 841 is divided by h.
106
Let m = -977 + 1950. What is the remainder when m is divided by 479?
15
Let i(a) = a**3 - a**2 + 5*a - 26. Let g be i(8). Let w = g - 451. What is the remainder when 103 is divided by w?
4
Let y(s) be the first derivative of -s**4 + s**3 + s**2 + s + 10. Let h be y(-2). Let l = h + -11. What is the remainder when l is divided by 8?
6
Suppose -31120 = -25262*l + 25254*l. Calculate the remainder when l is divided by 279.
263
Let q(m) = -m**3 + m**2 + m - 1. Let k(v) = 3*v**3 - 7*v**2 - 5*v + 15. Let a(c) = -k(c) - 4*q(c). What is the remainder when a(5) is divided by 49?
47
Let d(g) = 3*g**2 + 13*g - 30. What is the remainder when d(6) is divided by 47?
15
Calculate the remainder when 42/(-210)*(-2 - 443) is divided by 3.
2
Suppose 5*w - 2*n = 3*n - 545, 5*w = -5*n - 505. Let m = w + 105. Suppose -4*h - t + 410 = 0, -8 = 4*t - m. What is the remainder when h is divided by 26?
25
Let h = -4503 + 5437. Calculate the remainder when h is divided by 18.
16
Let m(w) = 4*w + 3. Let z(x) = x + 1. Let g(c) = -6*m(c) + 22*z(c). What is the remainder when 285 is divided by g(-6)?
13
Suppose -3786 = 65*d - 89126 - 7870. Calculate the remainder when d is divided by 97.
76
What is the remainder when ((-130)/(-4))/(3/6) is divided by 130/(-104) + (-291)/(-12)?
19
Suppose r + 49 = -3*f - 2*f, 25 = -2*f + 5*r. Let s be 494/65 + (-4)/f. Suppose -s*a + 508 + 244 = 0. Calculate the remainder when a is divided by 16.
14
Suppose -40 = -26*a + 18*a. Suppose -2*d + 64 = 4*u, -6*d + a*u - 93 = -9*d. What is the remainder when 127 is divided by d?
23
Let p(y) = -1316*y - 6528. Calculate the remainder when p(-11) is divided by 53.
51
Let x = -510 - -1247. Suppose 13*t + 48 = x. What is the remainder when t is divided by 16?
5
Let k be (-1)/4 - (2 + (-381)/4). Suppose k*m - 99*m + 408 = 0. What is the remainder when m is divided by 36?
32
Let r be (-2 + (-19)/2)*120*-1. Suppose 6*b - r = -354. Suppose -5*m - 5*d + 14 + b = 0, 158 = 4*m - d. What is the remainder when m is divided by 14?
11
Let z = -3856 + 3945. Let l(r) = 3*r**2 - 3*r + 2. Calculate the remainder when l(-7) is divided by z.
81
Let x(q) = -q**2 - 13*q - 10. Let p be x(-5). Suppose 39*a = p*a + 144. What is the remainder when a is divided by 4?
0
Let j = 184 + -180. Suppose -l + 1 = -2. Let p = j - l. Calculate the remainder when 3 is divided by p.
0
Let h(m) be the third derivative of 14*m**4/3 + m**3/2 + 13*m**2. What is the remainder when h(1) is divided by -358*(-4)/36 + 2/9?
35
Suppose -s - 5*k - 297 = 122, 3*k + 1642 = -4*s. Let r = -368 - s. What is the remainder when 134 is divided by r?
11
Suppose 5*h + 170 = 5*c, 0 = -4*c + 26*h - 24*h + 138. What is the remainder when 185 is divided by c?
10
Let c = -20837 - -21868. What is the remainder when c is divided by 259?
254
Let o = 34 + -17. Let u = o + -1. Let p(q) = -6*q + 29. What is the remainder when p(-11) is divided by u?
15
Let z(f) = 42*f + 1. Let n(h) = 57*h - 2. Suppose -10*b + 5 = -25. Calculate the remainder when n(b) is divided by z(1).
40
Suppose 0 = 21*j - 105 - 399. What is the remainder when ((-3)/12*-2)/(47/13348) is divided by j?
22
Let a(g) = 63*g - 6186. Calculate the remainder when a(102) is divided by 115.
10
Let h be (-4 - 272/(-2)*1)/2. Suppose 4*n + 2*d = 6*n - 56, -h = -2*n + 4*d. Calculate the remainder when 62 is divided by n.
16
Suppose -5*h = i - 29, 4*i + 4*h + 630 = 762. Let p = -96 + 230. What is the remainder when p is divided by i?
32
Let d = -125 + 124. Calculate the remainder when 121 is divided by 1*10 - (8/d - -4).
9
Calculate the remainder when 1216801/571 + 20 + 0 is divided by 93.
12
Let y be (0 + 1)*15*4/12. Suppose -3*s - 2*s = -a + 7, -y*a = -2*s - 35. What is the remainder when 102 is divided by a?
4
Suppose 2*z = -o + 115, -4*o = -10*z + 6*z + 224. Calculate the remainder when 962 is divided by z.
50
Let f(o) = -36*o - 24. Suppose -3*b = -4*j + 7, -2 = b + 3*j - 4. What is the remainder when 106 is divided by f(b)?
10
Suppose 2*v + 414 = 5*v - 4*b, b - 690 = -5*v. Suppose -4*j + 65*s + 105 = 60*s, -3*s - 3 = 0. Calculate the remainder when v is divided by j.
13
Let n = -4 - -128. Let l = 227 - 161. What is the remainder when n is divided by l?
58
Let g be 15*(-5)/((-50)/(-4)). Calculate the remainder when (4/g)/(10/1095)*-1 is divided by 21.
10
Let z = 20519 - 20467. Calculate the remainder when 1701 is divided by z.
37
Let w be (-58 - 0)*2/4. Let f = w + 56. What is the remainder when f is divided by 420/56*(-4)/(-5)?
3
Let c(k) = k**3 + 9*k**2 + 4*k - 2. Suppose -101*p = -93*p + 48. What is the remainder when c(p) is divided by 21?
19
Suppose 4*q = 33 - 5. Let h = -189 + 182. What is the remainder when (-742)/106*(-1 - (-3)/h) is divided by q?
3
Suppose 0 = -2*c + 36 + 22. Let r(y) = 10*y**2 - 19*y + 52. Suppose -7*z = -0*z - 21. Calculate the remainder when r(z) is divided by c.
27
Let y = 1128 - 1019. What is the remainder when y is divided by 32?
13
Let d(y) = 15*y**2 - 20*y - 16. Let x be d(-4). Suppose 7*f - 4*f - 4*k = 164, x = 5*f + k. What is the remainder when 116 is divided by f?
56
Suppose 3*i + 0*i = 63. Let k = -56147 + 56161. What is the remainder when i is divided by k?
7
Let g = -22790 - -22859. Calculate the remainder when 4343 is divided by g.
65
Suppose -3*g = 5*l + 2*g + 5, -24 = -l + 4*g. Suppose l*q - p = 503, -13 = 4*p - 33. Calculate the remainder when q is divided by 65.
62
Let p = -4982 - -5291. What is the remainder when p is divided by 48?
21
Let o be (-20)/(-6) - (-5)/(-15). Suppose 2*v - v = o. Suppose 0 = v*j - 36 - 6. What is the remainder when 54 is divided by j?
12
Let u(m) = 162*m + 2114. What is the remainder when 3421 is divided by u(-13)?
5
Let x(p) be the third derivative of p**5/10 + 5*p**4/12 + 2*p**3 + 2*p**2 + 13. What is the remainder when x(-4) is divided by 24?
20
Let y(b) = b**2 - 271*b + 3110. Calculate the remainder when y(12) is divided by (-4)/(-3) - 1/3.
0
Suppose 2*i + 17*i - 95 = 0. Let m(b) = 6*b**2 - 6*b + 2. What is the remainder when m(i) is divided by 41?
40
Let m = 4984 + 1145. Calculate the remainder when m is divided by 14.
11
Calculate the remainder when 406 is divided by 1/1 - (-1)/(-9)*9 - -15.
1
Suppose 50*u - 48*u = 5*o - 240, -4*o + 3*u + 199 = 0. What is the remainder when 48 is divided by o?
2
Let n(j) = j**3 + j**2 - 26*j + 3. What is the remainder when 99 is divided by n(5)?
7
Let b be ((-6)/6)/((-2)/12*-2). Let z be -4*b*(-20)/(-48). Suppose -z*h + 58 = 3*o, 3*h = 5*o - 4*o + 4. Calculate the remainder when 20 is divided by o.
9
Let t(a) = 26*a - 1. Let b be t(4). Let c be (-2)/4*(-29 - -36)*-2. Suppose -2 = -c*w + b. What is the remainder when 40 is divided by w?
10
What is the remainder when 637 is divide